{"id":4549,"date":"2019-05-07T18:33:55","date_gmt":"2019-05-07T22:33:55","guid":{"rendered":"https:\/\/villagevictoria.ca\/commerce\/alain-assedo-opticien\/"},"modified":"2025-03-09T23:08:58","modified_gmt":"2025-03-10T03:08:58","slug":"alain-assedo-opticien","status":"publish","type":"job_listing","link":"https:\/\/villagevictoria.ca\/en\/commerce\/alain-assedo-opticien\/","title":{"rendered":"Alain Assedo (opticien)"},"content":{"rendered":"<p>For 20 years, Alain Assedo Opticien has been dispensing visionary frames in the heart of Westmount\u2019s Victoria Village. Fashion, function, superlative service and a cool point of view are the hallmarks of the shop on Sherbrooke St. W. Company founder Alain Assedo\u2019s vision for fashion and design, as well as an inclination toward science, come together perfectly in the profession of optician.<\/p>\n<p>With his discerning eye, Alain has been a pioneer in bringing trend-setting frames to Montreal. While brand names like C\u00e9line, Chanel and Tom Ford are available, Alain is more focussed on discovering the most cutting-edge \u201ccr\u00e9ateurs de lunettes.\u201d Among his finds: Anne &amp; Valentin, Barton Perreira, Eyevan, Jacques Marie Mage, Kuboraum &amp; Mykita, to name a few. Asked about the trend in eyeglasses, Alain replies that there is not just one look. He and his staff have their clients in view, defining and refining their image: \u201cI look at a face and look for the positive features. I try to bring out a person\u2019s best characteristics.\u201d<\/p>\n<p><a href=\"https:\/\/villagevictoria.ca\/fr\/commerce\/papeterie-westmount\/vv-merchants-2024\/\" rel=\"attachment wp-att-6599\"><img loading=\"lazy\" decoding=\"async\" class=\"alignright size-thumbnail wp-image-6599\" src=\"https:\/\/villagevictoria.ca\/wp-content\/uploads\/2019\/05\/vv-merchants-2024-150x150.png\" alt=\"\" width=\"150\" height=\"150\" srcset=\"https:\/\/villagevictoria.ca\/wp-content\/uploads\/2019\/05\/vv-merchants-2024-150x150.png 150w, https:\/\/villagevictoria.ca\/wp-content\/uploads\/2019\/05\/vv-merchants-2024-300x300.png 300w, https:\/\/villagevictoria.ca\/wp-content\/uploads\/2019\/05\/vv-merchants-2024-1024x1024.png 1024w, https:\/\/villagevictoria.ca\/wp-content\/uploads\/2019\/05\/vv-merchants-2024-768x768.png 768w, https:\/\/villagevictoria.ca\/wp-content\/uploads\/2019\/05\/vv-merchants-2024-550x550.png 550w, https:\/\/villagevictoria.ca\/wp-content\/uploads\/2019\/05\/vv-merchants-2024-1100x1100.png 1100w, https:\/\/villagevictoria.ca\/wp-content\/uploads\/2019\/05\/vv-merchants-2024.png 1152w\" sizes=\"auto, (max-width: 150px) 100vw, 150px\" \/><\/a><\/p>\n","protected":false},"author":1,"featured_media":6074,"comment_status":"closed","ping_status":"closed","template":"","meta":{"ngg_post_thumbnail":0,"_job_location":"4933 rue Sherbrooke O. , Westmount QC H3Z 1H2","_application":"info@alainassedo.com","_company_name":"Alain Assedo (opticien)","_company_tagline":"","_company_twitter":"","_company_video":"","_filled":0,"_featured":0,"_remote_position":0,"_job_salary":"","_job_salary_currency":"","_job_salary_unit":""},"job-categories":[],"job-types":[65],"class_list":{"0":"post-4549","1":"job_listing","2":"type-job_listing","3":"status-publish","4":"has-post-thumbnail","5":"hentry","6":"job_listing_type-merchants-en","8":"job-type-merchants"},"acf":[],"yoast_head":"<!-- This site is optimized with the Yoast SEO plugin v20.4 - https:\/\/yoast.com\/wordpress\/plugins\/seo\/ -->\n<title>Alain Assedo (opticien) - Village Victoria<\/title>\n<meta name=\"robots\" content=\"index, follow, max-snippet:-1, max-image-preview:large, max-video-preview:-1\" \/>\n<link rel=\"canonical\" href=\"https:\/\/villagevictoria.ca\/en\/commerce\/alain-assedo-opticien\/\" \/>\n<meta property=\"og:locale\" content=\"en_US\" \/>\n<meta property=\"og:type\" content=\"article\" \/>\n<meta property=\"og:title\" content=\"Alain Assedo (opticien) - Village Victoria\" \/>\n<meta property=\"og:description\" content=\"For 20 years, Alain Assedo Opticien has been dispensing visionary frames in the heart of Westmount\u2019s Victoria Village. Fashion, function, superlative service and a cool point of view are the hallmarks of the shop on Sherbrooke St. W. Company founder [&hellip;]\" \/>\n<meta property=\"og:url\" content=\"https:\/\/villagevictoria.ca\/en\/commerce\/alain-assedo-opticien\/\" \/>\n<meta property=\"og:site_name\" content=\"Village Victoria\" \/>\n<meta property=\"article:publisher\" content=\"https:\/\/www.facebook.com\/WestmountVictoriaVillage\/\" \/>\n<meta property=\"article:modified_time\" content=\"2025-03-10T03:08:58+00:00\" \/>\n<meta property=\"og:image\" content=\"https:\/\/villagevictoria.ca\/wp-content\/uploads\/2019\/05\/brettlloyd_margiela_r06f01_v4_b_Featured.jpg\" \/>\n\t<meta property=\"og:image:width\" content=\"1000\" \/>\n\t<meta property=\"og:image:height\" content=\"695\" \/>\n\t<meta property=\"og:image:type\" content=\"image\/jpeg\" \/>\n<meta name=\"twitter:card\" content=\"summary_large_image\" \/>\n<meta name=\"twitter:site\" content=\"@WestmountVicto1\" \/>\n<meta name=\"twitter:label1\" content=\"Est. reading time\" \/>\n\t<meta name=\"twitter:data1\" content=\"1 minute\" \/>\n<script type=\"application\/ld+json\" class=\"yoast-schema-graph\">{\"@context\":\"https:\/\/schema.org\",\"@graph\":[{\"@type\":\"WebPage\",\"@id\":\"https:\/\/villagevictoria.ca\/en\/commerce\/alain-assedo-opticien\/\",\"url\":\"https:\/\/villagevictoria.ca\/en\/commerce\/alain-assedo-opticien\/\",\"name\":\"Alain Assedo (opticien) - Village Victoria\",\"isPartOf\":{\"@id\":\"https:\/\/villagevictoria.ca\/fr\/#website\"},\"datePublished\":\"2019-05-07T22:33:55+00:00\",\"dateModified\":\"2025-03-10T03:08:58+00:00\",\"breadcrumb\":{\"@id\":\"https:\/\/villagevictoria.ca\/en\/commerce\/alain-assedo-opticien\/#breadcrumb\"},\"inLanguage\":\"en-US\",\"potentialAction\":[{\"@type\":\"ReadAction\",\"target\":[\"https:\/\/villagevictoria.ca\/en\/commerce\/alain-assedo-opticien\/\"]}]},{\"@type\":\"BreadcrumbList\",\"@id\":\"https:\/\/villagevictoria.ca\/en\/commerce\/alain-assedo-opticien\/#breadcrumb\",\"itemListElement\":[{\"@type\":\"ListItem\",\"position\":1,\"name\":\"Home\",\"item\":\"https:\/\/villagevictoria.ca\/en\/fullscreen-home\/\"},{\"@type\":\"ListItem\",\"position\":2,\"name\":\"Listings\",\"item\":\"https:\/\/villagevictoria.ca\/en\/commerces\/\"},{\"@type\":\"ListItem\",\"position\":3,\"name\":\"Alain Assedo (opticien)\"}]},{\"@type\":\"WebSite\",\"@id\":\"https:\/\/villagevictoria.ca\/fr\/#website\",\"url\":\"https:\/\/villagevictoria.ca\/fr\/\",\"name\":\"Village Victoria\",\"description\":\"Rue Sherbrooke Ouest, Rue Victoria, de Claremont a Grosvenor, vos boutiques pr\u00e9f\u00e9r\u00e9es vous y attendent!\",\"publisher\":{\"@id\":\"https:\/\/villagevictoria.ca\/fr\/#organization\"},\"potentialAction\":[{\"@type\":\"SearchAction\",\"target\":{\"@type\":\"EntryPoint\",\"urlTemplate\":\"https:\/\/villagevictoria.ca\/fr\/?s={search_term_string}\"},\"query-input\":\"required name=search_term_string\"}],\"inLanguage\":\"en-US\"},{\"@type\":\"Organization\",\"@id\":\"https:\/\/villagevictoria.ca\/fr\/#organization\",\"name\":\"Westmount Victoria Village Merchants Association\",\"url\":\"https:\/\/villagevictoria.ca\/fr\/\",\"logo\":{\"@type\":\"ImageObject\",\"inLanguage\":\"en-US\",\"@id\":\"https:\/\/villagevictoria.ca\/fr\/#\/schema\/logo\/image\/\",\"url\":\"https:\/\/villagevictoria.ca\/wp-content\/uploads\/2019\/05\/VictoriaVillage_Logo_Westmount_Black.svg\",\"contentUrl\":\"https:\/\/villagevictoria.ca\/wp-content\/uploads\/2019\/05\/VictoriaVillage_Logo_Westmount_Black.svg\",\"width\":431,\"height\":430,\"caption\":\"Westmount Victoria Village Merchants Association\"},\"image\":{\"@id\":\"https:\/\/villagevictoria.ca\/fr\/#\/schema\/logo\/image\/\"},\"sameAs\":[\"https:\/\/www.facebook.com\/WestmountVictoriaVillage\/\",\"https:\/\/twitter.com\/WestmountVicto1\",\"https:\/\/www.linkedin.com\/company\/71197367\",\"https:\/\/www.youtube.com\/channel\/UCOO2QDr_DQdVnTeSTK6BJ2w\"]}]}<\/script>\n<!-- \/ Yoast SEO plugin. -->","yoast_head_json":{"title":"Alain Assedo (opticien) - Village Victoria","robots":{"index":"index","follow":"follow","max-snippet":"max-snippet:-1","max-image-preview":"max-image-preview:large","max-video-preview":"max-video-preview:-1"},"canonical":"https:\/\/villagevictoria.ca\/en\/commerce\/alain-assedo-opticien\/","og_locale":"en_US","og_type":"article","og_title":"Alain Assedo (opticien) - Village Victoria","og_description":"For 20 years, Alain Assedo Opticien has been dispensing visionary frames in the heart of Westmount\u2019s Victoria Village. Fashion, function, superlative service and a cool point of view are the hallmarks of the shop on Sherbrooke St. W. Company founder [&hellip;]","og_url":"https:\/\/villagevictoria.ca\/en\/commerce\/alain-assedo-opticien\/","og_site_name":"Village Victoria","article_publisher":"https:\/\/www.facebook.com\/WestmountVictoriaVillage\/","article_modified_time":"2025-03-10T03:08:58+00:00","og_image":[{"width":1000,"height":695,"url":"https:\/\/villagevictoria.ca\/wp-content\/uploads\/2019\/05\/brettlloyd_margiela_r06f01_v4_b_Featured.jpg","type":"image\/jpeg"}],"twitter_card":"summary_large_image","twitter_site":"@WestmountVicto1","twitter_misc":{"Est. reading time":"1 minute"},"schema":{"@context":"https:\/\/schema.org","@graph":[{"@type":"WebPage","@id":"https:\/\/villagevictoria.ca\/en\/commerce\/alain-assedo-opticien\/","url":"https:\/\/villagevictoria.ca\/en\/commerce\/alain-assedo-opticien\/","name":"Alain Assedo (opticien) - Village Victoria","isPartOf":{"@id":"https:\/\/villagevictoria.ca\/fr\/#website"},"datePublished":"2019-05-07T22:33:55+00:00","dateModified":"2025-03-10T03:08:58+00:00","breadcrumb":{"@id":"https:\/\/villagevictoria.ca\/en\/commerce\/alain-assedo-opticien\/#breadcrumb"},"inLanguage":"en-US","potentialAction":[{"@type":"ReadAction","target":["https:\/\/villagevictoria.ca\/en\/commerce\/alain-assedo-opticien\/"]}]},{"@type":"BreadcrumbList","@id":"https:\/\/villagevictoria.ca\/en\/commerce\/alain-assedo-opticien\/#breadcrumb","itemListElement":[{"@type":"ListItem","position":1,"name":"Home","item":"https:\/\/villagevictoria.ca\/en\/fullscreen-home\/"},{"@type":"ListItem","position":2,"name":"Listings","item":"https:\/\/villagevictoria.ca\/en\/commerces\/"},{"@type":"ListItem","position":3,"name":"Alain Assedo (opticien)"}]},{"@type":"WebSite","@id":"https:\/\/villagevictoria.ca\/fr\/#website","url":"https:\/\/villagevictoria.ca\/fr\/","name":"Village Victoria","description":"Rue Sherbrooke Ouest, Rue Victoria, de Claremont a Grosvenor, vos boutiques pr\u00e9f\u00e9r\u00e9es vous y attendent!","publisher":{"@id":"https:\/\/villagevictoria.ca\/fr\/#organization"},"potentialAction":[{"@type":"SearchAction","target":{"@type":"EntryPoint","urlTemplate":"https:\/\/villagevictoria.ca\/fr\/?s={search_term_string}"},"query-input":"required name=search_term_string"}],"inLanguage":"en-US"},{"@type":"Organization","@id":"https:\/\/villagevictoria.ca\/fr\/#organization","name":"Westmount Victoria Village Merchants Association","url":"https:\/\/villagevictoria.ca\/fr\/","logo":{"@type":"ImageObject","inLanguage":"en-US","@id":"https:\/\/villagevictoria.ca\/fr\/#\/schema\/logo\/image\/","url":"https:\/\/villagevictoria.ca\/wp-content\/uploads\/2019\/05\/VictoriaVillage_Logo_Westmount_Black.svg","contentUrl":"https:\/\/villagevictoria.ca\/wp-content\/uploads\/2019\/05\/VictoriaVillage_Logo_Westmount_Black.svg","width":431,"height":430,"caption":"Westmount Victoria Village Merchants Association"},"image":{"@id":"https:\/\/villagevictoria.ca\/fr\/#\/schema\/logo\/image\/"},"sameAs":["https:\/\/www.facebook.com\/WestmountVictoriaVillage\/","https:\/\/twitter.com\/WestmountVicto1","https:\/\/www.linkedin.com\/company\/71197367","https:\/\/www.youtube.com\/channel\/UCOO2QDr_DQdVnTeSTK6BJ2w"]}]}},"_links":{"self":[{"href":"https:\/\/villagevictoria.ca\/en\/wp-json\/wp\/v2\/job-listings\/4549","targetHints":{"allow":["GET"]}}],"collection":[{"href":"https:\/\/villagevictoria.ca\/en\/wp-json\/wp\/v2\/job-listings"}],"about":[{"href":"https:\/\/villagevictoria.ca\/en\/wp-json\/wp\/v2\/types\/job_listing"}],"author":[{"embeddable":true,"href":"https:\/\/villagevictoria.ca\/en\/wp-json\/wp\/v2\/users\/1"}],"replies":[{"embeddable":true,"href":"https:\/\/villagevictoria.ca\/en\/wp-json\/wp\/v2\/comments?post=4549"}],"wp:featuredmedia":[{"embeddable":true,"href":"https:\/\/villagevictoria.ca\/en\/wp-json\/wp\/v2\/media\/6074"}],"wp:attachment":[{"href":"https:\/\/villagevictoria.ca\/en\/wp-json\/wp\/v2\/media?parent=4549"}],"wp:term":[{"taxonomy":"job_listing_category","embeddable":true,"href":"https:\/\/villagevictoria.ca\/en\/wp-json\/wp\/v2\/job-categories?post=4549"},{"taxonomy":"job_listing_type","embeddable":true,"href":"https:\/\/villagevictoria.ca\/en\/wp-json\/wp\/v2\/job-types?post=4549"}],"curies":[{"name":"wp","href":"https:\/\/api.w.org\/{rel}","templated":true}]}}

<p>For 20 years, Alain Assedo Opticien has been dispensing visionary frames in the heart of Westmount’s Victoria Village. Fashion, function, superlative service and a cool point of view are the hallmarks of the shop on Sherbrooke St. W. Company founder Alain Assedo’s vision for fashion and design, as well as an inclination toward science, come together perfectly in the profession of optician.</p>
<p>With his discerning eye, Alain has been a pioneer in bringing trend-setting frames to Montreal. While brand names like Céline, Chanel and Tom Ford are available, Alain is more focussed on discovering the most cutting-edge “créateurs de lunettes.” Among his finds: Anne &amp; Valentin, Barton Perreira, Eyevan, Jacques Marie Mage, Kuboraum &amp; Mykita, to name a few. Asked about the trend in eyeglasses, Alain replies that there is not just one look. He and his staff have their clients in view, defining and refining their image: “I look at a face and look for the positive features. I try to bring out a person’s best characteristics.”</p>
<p><a href="https://villagevictoria.ca/fr/commerce/papeterie-westmount/vv-merchants-2024/" rel="attachment wp-att-6599"><img loading="lazy" decoding="async" class="alignright size-thumbnail wp-image-6599" src="https://villagevictoria.ca/wp-content/uploads/2019/05/vv-merchants-2024-150x150.png" alt="" width="150" height="150" srcset="https://villagevictoria.ca/wp-content/uploads/2019/05/vv-merchants-2024-150x150.png 150w, https://villagevictoria.ca/wp-content/uploads/2019/05/vv-merchants-2024-300x300.png 300w, https://villagevictoria.ca/wp-content/uploads/2019/05/vv-merchants-2024-1024x1024.png 1024w, https://villagevictoria.ca/wp-content/uploads/2019/05/vv-merchants-2024-768x768.png 768w, https://villagevictoria.ca/wp-content/uploads/2019/05/vv-merchants-2024-550x550.png 550w, https://villagevictoria.ca/wp-content/uploads/2019/05/vv-merchants-2024-1100x1100.png 1100w, https://villagevictoria.ca/wp-content/uploads/2019/05/vv-merchants-2024.png 1152w" sizes="auto, (max-width: 150px) 100vw, 150px" /></a></p>

<!-- This site is optimized with the Yoast SEO plugin v20.4 - https://yoast.com/wordpress/plugins/seo/ -->
<title>Alain Assedo (opticien) - Village Victoria</title>
<meta name="robots" content="index, follow, max-snippet:-1, max-image-preview:large, max-video-preview:-1" />
<link rel="canonical" href="https://villagevictoria.ca/en/commerce/alain-assedo-opticien/" />
<meta property="og:locale" content="en_US" />
<meta property="og:type" content="article" />
<meta property="og:title" content="Alain Assedo (opticien) - Village Victoria" />
<meta property="og:description" content="For 20 years, Alain Assedo Opticien has been dispensing visionary frames in the heart of Westmount’s Victoria Village. Fashion, function, superlative service and a cool point of view are the hallmarks of the shop on Sherbrooke St. W. Company founder [&hellip;]" />
<meta property="og:url" content="https://villagevictoria.ca/en/commerce/alain-assedo-opticien/" />
<meta property="og:site_name" content="Village Victoria" />
<meta property="article:publisher" content="https://www.facebook.com/WestmountVictoriaVillage/" />
<meta property="article:modified_time" content="2025-03-10T03:08:58+00:00" />
<meta property="og:image" content="https://villagevictoria.ca/wp-content/uploads/2019/05/brettlloyd_margiela_r06f01_v4_b_Featured.jpg" />
	<meta property="og:image:width" content="1000" />
	<meta property="og:image:height" content="695" />
	<meta property="og:image:type" content="image/jpeg" />
<meta name="twitter:card" content="summary_large_image" />
<meta name="twitter:site" content="@WestmountVicto1" />
<meta name="twitter:label1" content="Est. reading time" />
	<meta name="twitter:data1" content="1 minute" />
<script type="application/ld+json" class="yoast-schema-graph">{"@context":"https://schema.org","@graph":[{"@type":"WebPage","@id":"https://villagevictoria.ca/en/commerce/alain-assedo-opticien/","url":"https://villagevictoria.ca/en/commerce/alain-assedo-opticien/","name":"Alain Assedo (opticien) - Village Victoria","isPartOf":{"@id":"https://villagevictoria.ca/fr/#website"},"datePublished":"2019-05-07T22:33:55+00:00","dateModified":"2025-03-10T03:08:58+00:00","breadcrumb":{"@id":"https://villagevictoria.ca/en/commerce/alain-assedo-opticien/#breadcrumb"},"inLanguage":"en-US","potentialAction":[{"@type":"ReadAction","target":["https://villagevictoria.ca/en/commerce/alain-assedo-opticien/"]}]},{"@type":"BreadcrumbList","@id":"https://villagevictoria.ca/en/commerce/alain-assedo-opticien/#breadcrumb","itemListElement":[{"@type":"ListItem","position":1,"name":"Home","item":"https://villagevictoria.ca/en/fullscreen-home/"},{"@type":"ListItem","position":2,"name":"Listings","item":"https://villagevictoria.ca/en/commerces/"},{"@type":"ListItem","position":3,"name":"Alain Assedo (opticien)"}]},{"@type":"WebSite","@id":"https://villagevictoria.ca/fr/#website","url":"https://villagevictoria.ca/fr/","name":"Village Victoria","description":"Rue Sherbrooke Ouest, Rue Victoria, de Claremont a Grosvenor, vos boutiques préférées vous y attendent!","publisher":{"@id":"https://villagevictoria.ca/fr/#organization"},"potentialAction":[{"@type":"SearchAction","target":{"@type":"EntryPoint","urlTemplate":"https://villagevictoria.ca/fr/?s={search_term_string}"},"query-input":"required name=search_term_string"}],"inLanguage":"en-US"},{"@type":"Organization","@id":"https://villagevictoria.ca/fr/#organization","name":"Westmount Victoria Village Merchants Association","url":"https://villagevictoria.ca/fr/","logo":{"@type":"ImageObject","inLanguage":"en-US","@id":"https://villagevictoria.ca/fr/#/schema/logo/image/","url":"https://villagevictoria.ca/wp-content/uploads/2019/05/VictoriaVillage_Logo_Westmount_Black.svg","contentUrl":"https://villagevictoria.ca/wp-content/uploads/2019/05/VictoriaVillage_Logo_Westmount_Black.svg","width":431,"height":430,"caption":"Westmount Victoria Village Merchants Association"},"image":{"@id":"https://villagevictoria.ca/fr/#/schema/logo/image/"},"sameAs":["https://www.facebook.com/WestmountVictoriaVillage/","https://twitter.com/WestmountVicto1","https://www.linkedin.com/company/71197367","https://www.youtube.com/channel/UCOO2QDr_DQdVnTeSTK6BJ2w"]}]}</script>
<!-- / Yoast SEO plugin. -->

Rue Sherbrooke Ouest, Rue Victoria, de Claremont a Grosvenor, vos boutiques préférées vous y attendent!
